 is -21202022211100 (base 3) in base 4?
-33231321312
What is -25544423 (base 7) in base 10?
-2330555
-2383505 (base 9) to base 2
-100111100001100001010
Convert 42155333 (base 6) to base 5.
303303041
What is -32399 (base 13) in base 14?
-250b4
What is 873c2 (base 15) in base 10?
429482
Convert -102012010001210 (base 3) to base 13.
-1302852
-101011100100011101 (base 2) to base 3
-100001210200
42533757 (base 8) to base 4
202223133233
Convert 30581 (base 15) to base 4.
211120201
-16525277 (base 8) to base 9
-7210058
357aa4 (base 11) to base 3
1001210202222
What is -31201214 (base 6) in base 16?
-dc4aa
Convert 5757154 (base 8) to base 14.
2ca0d6
Convert 274705 (base 9) to base 4.
220321121
What is 19314 (base 11) in base 6?
324554
What is 6325134 (base 8) in base 6?
100015032
What is -61572 (base 14) in base 15?
-49665
What is 171b53 (base 14) in base 10?
811709
What is -a6ee28 (base 16) in base 7?
-161662611
-121000010201 (base 3) to base 14
-82b40
100231032 (base 4) to base 11
4745a
What is -62b72 (base 12) in base 14?
-352d0
Convert -230131323332 (base 4) to base 7.
-201040205
Convert 262203415 (base 7) to base 6.
1354452401
What is -22b482b (base 12) in base 9?
-13550588
Convert -2247072 (base 13) to base 12.
-3637480
-143135 (base 11) to base 16
-36a17
-1927242 (base 11) to base 15
-445d72
What is 3a660a6 (base 11) in base 7?
113451541
Convert 1000010101100010100 (base 2) to base 13.
97453
Convert 1311245024 (base 6) to base 4.
322333220020
What is 36718 (base 13) in base 10?
100069
Convert b9ba5 (base 14) to base 10.
449573
3540605 (base 7) to base 11
28582a
Convert 58395b (base 12) to base 2.
101011001110110010111
Convert 1c316 (base 14) to base 3.
10122200220
3103123133 (base 4) to base 14
187863
40023134 (base 6) to base 4
10102023202
5eda (base 16) to base 8
57332
-110100010110101 (base 2) to base 8
-64265
-22244034 (base 5) to base 10
-196769
1101100010000010111 (base 2) to base 5
103142130
Convert -3807331 (base 9) to base 6.
-112225001
What is -2a38635 (base 11) in base 5?
-2313141332
Convert 1813916 (base 10) to base 6.
102513432
What is -36115 (base 15) in base 10?
-172370
What is -123332333 (base 5) in base 3?
-1010202101010
What is 2633123 (base 7) in base 9?
574428
Convert 8575751 (base 9) to base 4.
101202103132
-672c50 (base 13) to base 14
-475136
What is -407169 (base 10) in base 13?
-113439
473250 (base 9) to base 5
33101032
What is -2245254 (base 6) in base 10?
-115234
Convert -25323165 (base 7) to base 2.
-1000101111011111011111
Convert -6360ae (base 16) to base 13.
-1470549
Convert 233320300 (base 6) to base 5.
2104140121
Convert 12120212002200 (base 3) to base 10.
2969289
101323101000 (base 4) to base 16
47b440
804457 (base 9) to base 3
220011111221
32a1e (base 16) to base 11
1318a7
Convert -140124401 (base 5) to base 2.
-10101100111000000101
What is 31bd7 (base 14) in base 13?
42a09
Convert 9a8cd (base 15) to base 9.
828024
27993d (base 16) to base 10
2595133
What is -20010122011 (base 3) in base 7?
-1012015
Convert -22022122201010 (base 3) to base 10.
-4421901
Convert -183c0 (base 14) to base 11.
-41a18
c6a253 (base 13) to base 5
2142234013
Convert 110110223010 (base 4) to base 14.
9c975a
What is -9275 (base 11) in base 3?
-121212200
What is -10122021122 (base 3) in base 13?
-267c5
What is 5261476 (base 9) in base 7?
32635206
What is -b253b (base 14) in base 11?
-273429
What is -b443 (base 15) in base 6?
-452200
Convert 15266 (base 11) to base 5.
1142420
What is 2761bb (base 12) in base 6?
22001155
Convert 30321300213 (base 4) to base 3.
20100211122210
110101101110100100001100 (base 2) to base 5
12101144424
100100010111111101 (base 2) to base 8
442775
Convert 220831 (base 9) to base 2.
100000001100111000
Convert 5221332 (base 11) to base 4.
203020300212
Convert -a781c8 (base 14) to base 3.
-101200001001121
32231112 (base 4) to base 11
4129a
Convert -1820b (base 15) to base 9.
-128102
175224 (base 13) to base 8
2161655
Convert -2b69b (base 15) to base 9.
-232772
77333a (base 13) to base 2
1010101101000101101101
-121201323 (base 4) to base 2
-11001100001111011
Convert -12240110 (base 5) to base 10.
-118155
-1daca (base 16) to base 4
-131223022
Convert -11011110111001110 (base 2) to base 10.
-114126
-6034376 (base 8) to base 4
-12003203332
-1d1da5 (base 15) to base 13
-3ab1a0
28460 (base 16) to base 2
101000010001100000
What is 46445 (base 8) in base 11?
13924
Convert -432021 (base 6) to base 2.
-1000101001101101
Convert -202421 (base 5) to base 6.
-50335
Convert -38d06 (base 14) to base 8.
-420752
14752036 (base 8) to base 16
33d41e
-140319 (base 10) to base 11
-96473
What is 1043210400 (base 5) in base 6?
121414151
88628 (base 10) to base 16
15a34
33202222103 (base 4) to base 5
2020333011
Convert -39663a (base 11) to base 14.
-123405
What is -15b797 (base 14) in base 8?
-2717371
Convert 499a28 (base 13) to base 5.
422414333
What is 10040424 (base 5) in base 16?
13b63
Convert 1102000100222 (base 3) to base 14.
156967
Convert 132333131 (base 4) to base 12.
61565
-212022220010 (base 3) to base 9
-768803
What is 1101132112 (base 4) in base 8?
1213626
Convert -1100011100111011111111 (base 2) to base 9.
-6124640
Convert -110021011212011 (base 3) to base 8.
-30673526
What is -3206456 (base 9) in base 7?
-20411220
Convert -22112012202 (base 3) to base 7.
-1266200
-4342550 (base 6) to base 11
-138132
Convert -223482 (base 10) to base 2.
-110110100011111010
What is 63ac8 (base 14) in base 12?
b7480
-101203140 (base 5) to base 16
-64cf8
What is 131153301 (base 6) in base 3?
11212010121001
Convert 103431234 (base 5) to base 11.
289712
Convert -333111001 (base 4) to base 2.
-111111010101000001
1508218 (base 13) to base 6
355344041
-ef10ba (base 16) to base 11
-8931159
What is -32041322 (base 5) in base 4?
-1001200301
What is 1034120 (base 5) in base 12?
a52b
33511415 (base 6) to base 9
1824552
13272523 (base 8) to base 5
1230313110
What is -250115 (base 10) in base 16?
-3d103
What is 145133126 (base 7) in base 13?
2008691
What is 1022003313 (base 4) in base 5?
34201401
Convert cfea (base 16) to base 13.
1b2c4
Convert -31c0a (base 14) to base 6.
-2325110
What is 15d5be (base 16) in base 5?
331242344
What is -13303142 (base 5) in base 10?
-134797
-3d463 (base 15) to base 14
-519b1
Convert 4724664 (base 9) to base 2.
1001101111111100101001
What is -9a4a7 (base 13) in base 7?
-2243560
-49110 (base 14) to base 3
-100001221201
Convert 1549232 (base 10) to base 7.
16111466
46765a (base 12) to base 2
100010100100011100110
Convert 14222034 (base 5) to base 15.
2de7e
Convert 41502042 (base 6) to base 13.
332a71
-111011110111 (base 2) to base 16
-ef7
What is 26d2b7 (base 16) in base 12?
a2849b
Convert 1012111010010 (base 3) to base 10.
639417
What is 28605b (base 13) in base 10?
984332
Convert 8462086 (base 11) to base 12.
4baaaa6
What is 33606465 (base 7) in base 2?
1011001010100001111111
-260543 (base 7) to base 6
-1011332
1001000010010000001 (base 2) to base 13
a49b3
-20453002 (base 6) to base 12
-24a162
Convert -100368 (base 9) to base 5.
-3344404
What is -1101300222 (base 4) in base 8?
-1216052
2433052 (base 6) to base 8
373730
Convert 4b04dc (base 14) to base 10.
2574850
What is -6356375 (base 10) in base 9?
-12857268
What is -528f9 (base 16) in base 6?
-11125333
What is 102604 (base 7) in base 5?
1032131
What is 2546205 (base 7) in base 3?
121211011220
Convert 843990 (base 12) to base 13.
57aaa6
What is -111001221111022 (base 3) in base 11?
-3a15425
What is -21120333320 (base 4) in base 10?
-2461688
What is 400550 (base 6) in base 9?
46853
Convert 3082400 (base 9) to base 11.
a26681
-6565660 (base 9) to base 16
-35d312
What is 1042141444 (base 5) in base 13?
628197
What is -360288 (base 9) in base 11?
-138940
481113 (base 9) to base 13
a1a09
2100031240 (base 5) to base 16
4198c1
Convert 529840 (base 10) to base 7.
4334503
Convert 7515725 (base 8) to base 16.
1e9bd5
34537367 (base 8) to base 11
4276976
What is 1a993 (base 16) in base 12?
5306b
-1364075 (base 8) to base 3
-201200001021
What is -100101101000101011 (base 2) in base 14?
-40271
Convert 2251254 (base 6) to base 11.
799a1
What is 1121002000012 (base 3) in base 11?
529a97
-2d33bc (base 14) to base 6
-53541310
Convert -67c51 (base 15) to base 3.
-121202212211
-129148 (base 11)